ighest common factor of 82263390 and 30.
30
What is the greatest common factor of 1516 and 1048693?
379
Calculate the greatest common factor of 2510466 and 854.
14
Calculate the highest common divisor of 70 and 53533466.
14
What is the highest common divisor of 68 and 18088493?
17
What is the greatest common divisor of 292636 and 3928?
1964
What is the highest common factor of 29766084 and 228?
228
What is the highest common factor of 56723961 and 6405?
1281
What is the highest common factor of 1206897322 and 193?
193
What is the highest common factor of 97947375 and 475?
475
What is the highest common factor of 1669 and 9479920?
1669
Calculate the greatest common factor of 2287410 and 570.
570
What is the greatest common factor of 22356 and 6143040?
972
Calculate the highest common factor of 81441503 and 14937.
4979
Calculate the greatest common factor of 44928243 and 27.
27
What is the highest common factor of 239627 and 551?
29
Calculate the greatest common factor of 8910488 and 296.
296
What is the highest common divisor of 1294298 and 2678?
206
Calculate the highest common divisor of 42 and 75121242.
42
Calculate the highest common divisor of 241373718 and 999.
333
What is the highest common factor of 7760 and 360176?
16
Calculate the highest common divisor of 187489 and 1193781.
433
What is the greatest common factor of 48392 and 3496?
184
Calculate the highest common factor of 9498969 and 81576.
927
Calculate the highest common divisor of 27282 and 1414117.
4547
What is the greatest common divisor of 9720886 and 28?
14
What is the greatest common divisor of 3179 and 17974?
11
Calculate the highest common divisor of 5263344 and 12276.
36
Calculate the highest common factor of 30992 and 17224.
8
Calculate the greatest common divisor of 32 and 40832000.
32
What is the highest common factor of 562 and 11983526?
562
What is the greatest common divisor of 210 and 353216262?
42
Calculate the greatest common divisor of 350 and 11616724.
14
Calculate the greatest common factor of 135150 and 61350.
150
What is the highest common factor of 168 and 306647481?
21
Calculate the highest common divisor of 94926 and 66.
6
What is the highest common factor of 1 and 24857897?
1
Calculate the highest common factor of 5696779 and 4070.
407
What is the highest common factor of 17732652 and 210?
42
What is the highest common factor of 14 and 261176020?
14
Calculate the greatest common divisor of 411 and 91111302.
411
What is the greatest common factor of 112 and 1940752?
16
Calculate the greatest common factor of 6670800 and 595680.
4080
Calculate the greatest common factor of 737 and 3383165.
67
Calculate the greatest common divisor of 464401 and 35.
7
Calculate the greatest common factor of 4244864 and 89285.
2551
Calculate the highest common divisor of 531 and 477546.
177
Calculate the highest common factor of 190 and 440649045.
95
Calculate the greatest common factor of 1435177 and 6877.
529
Calculate the highest common factor of 21775533 and 4777.
281
Calculate the highest common factor of 1165626110 and 55.
55
What is the highest common divisor of 49700 and 364688660?
9940
What is the highest common factor of 11810218 and 28?
14
Calculate the greatest common factor of 5103 and 55859139.
1701
Calculate the greatest common divisor of 1184658 and 43244.
1138
What is the greatest common divisor of 304 and 3062078?
38
Calculate the greatest common factor of 29683027 and 32879.
671
What is the greatest common divisor of 41238 and 87910252?
4582
Calculate the highest common divisor of 1189702 and 59556.
1418
What is the greatest common factor of 40879374 and 456?
114
What is the greatest common factor of 97 and 4728117463?
97
What is the greatest common factor of 75026 and 2047?
23
What is the greatest common factor of 161075064 and 3134?
3134
Calculate the highest common factor of 1405705 and 1670.
5
Calculate the greatest common factor of 567 and 2425140.
81
Calculate the highest common factor of 15458399 and 418.
11
Calculate the greatest common divisor of 622287 and 27.
9
What is the highest common factor of 5226452 and 6958?
994
What is the highest common factor of 325 and 995527?
13
Calculate the highest common divisor of 3844707 and 57.
57
Calculate the greatest common divisor of 798697690 and 140.
70
Calculate the greatest common factor of 214487940 and 180.
60
What is the greatest common divisor of 1353 and 9092?
1
Calculate the greatest common divisor of 1650 and 3196475.
25
Calculate the greatest common divisor of 161811 and 534760.
461
What is the greatest common factor of 12908 and 47278?
14
What is the highest common divisor of 1054 and 77798902?
1054
Calculate the highest common factor of 12580 and 3883076.
148
What is the greatest common factor of 701 and 45706602?
701
What is the greatest common divisor of 149702 and 28126?
14
What is the greatest common divisor of 24450 and 47760?
30
Calculate the greatest common divisor of 64704 and 2388.
12
What is the greatest common divisor of 5536 and 11186872?
1384
Calculate the highest common divisor of 8486062 and 1562.
142
What is the highest common divisor of 2336 and 48876274?
146
Calculate the highest common divisor of 33552 and 10296.
72
Calculate the greatest common divisor of 124308691 and 371.
53
What is the highest common factor of 1215 and 11206890?
135
Calculate the greatest common divisor of 12 and 5851134432.
12
What is the highest common divisor of 3157 and 6743?
11
Calculate the highest common divisor of 113555190 and 14.
14
Calculate the greatest common divisor of 174180 and 5340.
60
What is the greatest common factor of 1188 and 11714340?
132
What is the greatest common factor of 13677601 and 14?
7
What is the highest common factor of 42920 and 21816120?
1160
What is the highest common divisor of 4 and 89249750?
2
Calculate the highest common factor of 21954326 and 8426.
766
What is the greatest common divisor of 98952 and 16972221?
651
Calculate the highest common factor of 1311931 and 1463.
19
What is the greatest common factor of 399 and 497331954?
399
What is the greatest common divisor of 1449594 and 198?
18
Calculate the highest common factor of 27727 and 437108.
1631
What is the highest common factor of 72505 and 1056890?
85
What is the greatest common divisor of 4479 and 56532445?
1493
Calculate the greatest common factor of 3007 and 258013.
31
Calculate the highest common divisor of 24 and 34097144.
8
Calculate the highest common factor of 109169475 and 5375.
1075
Calculate the greatest common factor of 16 and 69102.
2
Calculate the greatest common factor of 27143768 and 1896.
632
Calculate the highest common factor of 33444 and 952164.
36
Calculate the highest common factor of 3444658 and 4774.
434
Calculate the highest common divisor of 712 and 753029.
89
What is the greatest common factor of 321988 and 10504460?
3188
Calculate the greatest common divisor of 29 and 6888196.
29
What is the greatest common factor of 51 and 16410049?
17
What is the greatest common divisor of 12929162 and 634?
634
What is the highest common factor of 10178756 and 6137?
361
Calculate the highest common divisor of 14 and 390437467.
7
Calculate the highest common factor of 17 and 542807059.
17
Calculate the highest common factor of 355 and 65780151.
71
What is the greatest common divisor of 5003954 and 2812?
1406
Calculate the greatest common factor of 156 and 16839636.
12
Calculate the greatest common divisor of 639354 and 1927.
41
Calculate the highest common factor of 3798796 and 3.
1
What is the highest common factor of 28460727 and 1501?
19
What is the highest common divisor of 293191050 and 45?
15
Calculate the greatest common divisor of 641 and 44532193.
641
Calculate the greatest common divisor of 4732457 and 437.
23
What is the highest common factor of 312 and 14344707?
39
What is the highest common divisor of 18414094 and 1516?
758
Calculate the highest common factor of 1900 and 151815700.
1900
What is the greatest common factor of 1177 and 84651338?
107
What is the greatest common factor of 51639344 and 752?
16
What is the highest common factor of 1632928569 and 6837?
6837
Calculate the highest common divisor of 379485 and 1620.
405
Calculate the greatest common factor of 50698557 